t w be h(10). Is (2 + w + -2)*3 composite?
False
Suppose -250 = -5*h + 4*j, 4*h - h - 150 = -5*j. Let l = h + -29. Suppose 5*t - 126 = -l. Is t composite?
True
Suppose n - 2 = -3. Is 91 + n - (0 + 1) a composite number?
False
Let h(b) = -126*b - 11. Is h(-6) a prime number?
False
Let r(p) = 197*p**2 + 5*p + 19. Is r(-3) a composite number?
False
Let q(w) = w**3 - 3*w**2 - w + 3. Let i be q(5). Suppose -3*d + i = -27. Is d a composite number?
True
Let f be -122*(1 - 0)*-1. Let g = 213 - f. Is g a composite number?
True
Let i be 1 + (-1 - 1)*-1. Suppose 5*v + 1 = -4*s, -s = 2*v + 2*v + i. Let b(u) = 216*u**2 - 2*u - 1. Is b(v) a prime number?
False
Let n(g) be the first derivative of -g**4/4 - 5*g**3/3 - g**2 - 7*g - 1. Let c be n(-5). Suppose 3*i + 3*r = 138, c*i - 2*r - 141 = -4*r. Is i composite?
True
Let u be 1 + (0 - -3)/3. Suppose -3*i - u = 4. Let c = 8 - i. Is c composite?
True
Suppose 404 = 4*j - 0*j. Let i = j - 48. Is i a prime number?
True
Suppose 5*n = 4*c + 8693, c - 6952 = -4*n + 5*c. Is n/3 + (-2)/(-3) composite?
True
Let m(n) = -516*n**3 + 3*n**2 + 3*n + 1. Is m(-1) prime?
False
Let o = 1 - -3. Suppose -5*p + o*p - 3 = 0. Let g(r) = -r**3 + 2*r. Is g(p) a prime number?
False
Suppose j + 225 = -4*j. Is 1 + -2*(-2 + j) a composite number?
True
Let n be (-2)/(-4) + 14/4. Suppose -6*y = -n*y - 514. Is y a composite number?
False
Suppose 2*g = 4*w - 7 - 1, -3*w - 1 = -5*g. Suppose -459 = -w*t + 798. Is t prime?
True
Suppose -2*n + 4 = -0. Suppose -n*s = -2*o + 2, 1 = 3*s - o + 2*o. Suppose -2*u + 49 + 25 = s. Is u composite?
False
Let k be ((-5)/2)/(4/(-24)). Let q be k/(-1 + 4) - 2. Suppose -f + 22 = q*i, 9*f - 4*f = -2*i + 19. Is i a prime number?
True
Let f(w) = w**3 + 4*w**2 - 2*w - 2. Let x be f(-4). Suppose -3*j = -x*j + 102. Is j a prime number?
False
Let r be (-39)/(-15) + (-4)/(-10). Suppose -4*c - 4 = 2*n + 2*n, -5*n = -r*c - 35. Suppose 0 = -n*z + 39 + 53. Is z a composite number?
False
Is 3/(-15) + 0 + (-119676)/(-30) prime?
True
Suppose 0 = -2*b - 10, 0*y + b - 334 = -3*y. Is y a prime number?
True
Let d(w) = w**3 - 7*w**2 - 5. Let f be d(7). Let u be (1 + 0)/((-1)/f). Suppose -u*y - 2*g = -24, 5*y - 7 = -g + 20. Is y prime?
False
Let b(h) = -7*h - h**2 + 0*h**2 + 2*h**2 + 4. Let u be b(7). Suppose 0 = 2*t - 6*t + 4, 2*n = -u*t + 162. Is n a prime number?
True
Let f(n) = n**3 - 3*n**2 - n - 4. Let g be f(3). Suppose 2*l - 5 = 4*s + 13, -4*s - 69 = -5*l. Let w = l + g. Is w a prime number?
False
Let r = -15 - -20. Suppose 175 = r*l - 3*q + 7*q, 3*q - 77 = -2*l. Is l a composite number?
False
Let v(x) = 2*x**2 - 3*x + 17. Is v(-9) composite?
True
Let n = 367 - 34. Is (1 - 0)*n/3 a composite number?
True
Suppose -i = i - 12. Suppose l - 4 = 4*f, 2*f + 14 = 5*l - i. Suppose 0 = -0*p + 3*p + 2*g - 113, -3*p + l*g = -125. Is p composite?
True
Let l be 0/5*(-2)/4. Let h(n) = -n**3 - n**2 + n + 469. Is h(l) a composite number?
True
Let h(w) = w**2 - 9*w - 17. Is h(12) a composite number?
False
Let c be 2/6 - (-478)/6. Let g = -52 + c. Suppose 2*n - 71 = 5*h, -2*h - 3*h = n - g. Is n composite?
True
Suppose p + 4 = -5. Let o(y) = 3*y - 4*y - 6 + 8 + 8. Is o(p) prime?
True
Let z(w) = -30*w. Let v be z(-2). Suppose 9*a - v = 5*a. Is a composite?
True
Let m = -2 - -4. Let p be ((-32)/(-8))/(-1 - 1). Is m/(-4)*p - -148 a prime number?
True
Let y(n) = n**3 + 11*n**2 - 14*n + 2. Suppose -3*c = -l - 3, 2*c = -2*l + l - 18. Is y(l) prime?
False
Is 10/65 + (-51212)/(-52) a composite number?
True
Let k(b) = 43*b**2 + 2*b - 17. Is k(6) prime?
True
Suppose 10 = 3*b + 2*b. Suppose 5*j = -35 + 10, b*q + j + 9 = 0. Is (424/20)/(q/(-5)) prime?
True
Suppose -2*q + 75 + 343 = 0. Is q a prime number?
False
Suppose -3*t + 0*t + 237 = 0. Is t a composite number?
False
Let j(p) = -779*p + 57. Is j(-4) prime?
False
Let k = 4 + -6. Let n be (-3)/(-6)*-2*k. Suppose -n*q + 9 = 1, -b = q - 17. Is b a prime number?
True
Let c = -11 + 33. Is 4/c - (-6284)/44 prime?
False
Is 6413/66 - (-1)/(-6) composite?
False
Let t(h) = 3*h**2 + h + 7. Is t(-5) a prime number?
False
Let m(i) = -i**3 + 7*i**2 - 6*i. Let h be m(6). Suppose h = -6*o + o + 430. Is o a prime number?
False
Suppose -p + 4 = 2. Let y = -2 + p. Suppose 0*k - 5*k + 1111 = 2*l, -5*k + 4*l + 1123 = y. Is k a prime number?
True
Let x = -123 + 326. Is x a prime number?
False
Suppose -2*a = -5*d + 4779, -2*d + 8*a = 5*a - 1916. Is d prime?
False
Let s be 157/2 + (-5)/(-10). Let o = s + -48. Is o composite?
False
Let f(a) = 5*a**2 - 3*a - 10. Let z be f(7). Suppose 2*o - 80 - z = 0. Suppose -5*m = -428 - o. Is m a composite number?
True
Let b(a) = 2*a**2 - 3*a - 4. Suppose -4*z + 9 = -z. Let g be b(z). Suppose 0*x + 35 = x + g*o, 4*o + 29 = 3*x. Is x a prime number?
False
Let y be ((-3)/9)/((-1)/12). Is y/(-14) - 158/(-14) composite?
False
Suppose 0 = -3*l - l - 36. Is (316/(-6))/(6/l) a composite number?
False
Suppose -p = -l - 0*l - 4, 8 = 3*l + 2*p. Suppose l = -5*t + 188 + 257. Is t prime?
True
Suppose -2*y = 3*a - 2*a - 203, 2*a = -3*y + 303. Is y composite?
False
Suppose 7*c + 262 = 9*c. Is c composite?
False
Suppose 39*h - 48*h + 20241 = 0. Is h a prime number?
False
Suppose 2*z + 368 = -2*z. Let s = z + 150. Is s a composite number?
True
Let h be (0 + 1)*363/(-11). Let l = -99 - h. Let x = l - -185. Is x composite?
True
Let i(p) = 3*p - 8. Let x be i(6). Let v be 4/x + (-1236)/(-10). Suppose -v = -k - 3*k. Is k prime?
True
Let m = -492 - -300. Let y(t) = 16*t**3 + 1. Let f be y(-1). Is 3/f + m/(-10) a composite number?
False
Let i(l) = l + 59. Let d = 3 - 6. Let m = d - -3. Is i(m) a prime number?
True
Let x(o) = -o**3 - 7*o**2 + 7*o - 13. Is x(-16) composite?
False
Let b be 8/2 + (0 - -2). Let k be (b/15)/((-2)/20). Is 1/(-2) - 206/k a composite number?
True
Let q(o) = 3 - o**3 - 3 - 10*o**2 - 13*o + 4 - 17. Is q(-11) a prime number?
True
Let w(y) = 64*y**2 + 2*y + 2. Is w(-2) prime?
False
Let o(p) = -5*p. Let x be o(-1). Let y be 20/25*x/(-2). Is (-134)/8*8/y a prime number?
True
Let n = -345 - -490. Is n prime?
False
Suppose -l + 2*o = -29, 5*l - 205 = -2*o - 0*o. Suppose -3*i + 20 = -4. Let s = l - i. Is s a prime number?
True
Let d = 130 - 51. Is d prime?
True
Suppose -1953 + 17934 = 3*j. Is j composite?
True
Let y = -5 + 7. Let b = 0 + y. Suppose 4*o = -b*j + 6*j + 92, 5*o - 115 = -4*j. Is o prime?
True
Let s(o) = 3*o + 2. Let t be s(1). Suppose -2*j = -2*v - 276, -3*j + t*j = -v + 261. Is j composite?
True
Suppose -65 = 5*o - g, -65 = 5*o - g - 3*g. Suppose 0 = -2*k + 3*k. Is o/(-1 - k - 0) composite?
False
Suppose -p = -0*p - 2*z - 1173, 5*z - 3464 = -3*p. Is p composite?
False
Suppose 0 = -0*a + a - 46. Suppose -a = o - 3*o. Let z = o - -46. Is z composite?
True
Let u = -413 + 794. Is u prime?
False
Let d(z) = 4*z + 1. Let r(h) = h + 1. Let n(g) = -d(g) + 6*r(g). Let c be n(8). Is (c/(-9))/((-2)/18) a prime number?
False
Let t(w) = 790*w**2 + 6*w + 5. Let r(j) = -527*j**2 - 4*j - 3. Let h(s) = -8*r(s) - 5*t(s). Is h(1) a composite number?
True
Let q = 11 - 16. Let c = 679 - q. Let j = -485 + c. Is j composite?
False
Suppose -t - 2*f = t - 1192, 0 = -5*f + 25. Is t a composite number?
True
Let u(q) be the third derivative of q**7/420 - q**6/60 - q**5/30 - q**4/8 - q**3/6 + 2*q**2. Let z(n) be the first derivative of u(n). Is z(5) a prime number?
False
Suppose 0 = -p - 3 + 5. Suppose -5*r + 22 = -2*c, c - p*c + 19 = 5*r. Is c*(-2 - -3) + 15 a composite number?
True
Let k(z) = 234*z + 55. Is k(11) a prime number?
False
Suppose -5*q - 6*i = -i - 1070, 4*q - i - 841 = 0. Is q composite?
False
Suppose 0 = -3*u + 107 + 184. Is u a composite number?
False
Let n be 5 + -2 - (0 - -3). Suppose -3*u + n = -3. Is u - (-3 + 5) - -80 a composite number?
False
Suppose -3*q - 2*w = -24, -4*q - 4*w + 54 = 18. Suppose -2*f + 0 = a - 8, 3*a = 4*f - q. Suppose f*n + 2*n - 165 = 0. Is n a prime number?
False
Is ((-4476)/(-20))/3*5 a composite number?
False
Let x be 0/(-2) - -1*6. Suppose -j = -4*j + x. Let y = j - -5. Is y composite?
False
Let d be 1/3 - (-20)/(-6). Is (16/d + 2)*-3 prime?
False
Suppose -3*x + 149 - 11 = 0. Is x + (2*-1 - -3) a composite number?
False
Let r(c) = c**2 + 10*c + 8. Suppose -u - 25 = -6*u, -3*f + 5*u = 58. Is r(f) a prime number?
True
Is (-21)/(-12)*-2*-46 prime?
False
Suppose